{"id":1466,"date":"2016-11-21T10:52:29","date_gmt":"2016-11-21T12:52:29","guid":{"rendered":"http:\/\/saudeimport.com.br\/?page_id=1466"},"modified":"2017-03-16T10:32:44","modified_gmt":"2017-03-16T13:32:44","slug":"produtos","status":"publish","type":"page","link":"https:\/\/saudeimport.com.br\/?page_id=1466","title":{"rendered":"Produtos"},"content":{"rendered":"<p>[vc_row css=&#8221;.vc_custom_1475630896897{margin-bottom: 60px !important;}&#8221;][vc_column width=&#8221;1\/3&#8243;][vc_custom_heading text=&#8221;DISTRIBUI\u00c7\u00c3O DE PRODUTOS EM TODO O BRASIL&#8221; font_container=&#8221;tag:div|font_size:36|text_align:left|color:%2333654a&#8221; google_fonts=&#8221;font_family:Cabin%3Aregular%2Citalic%2C500%2C500italic%2C600%2C600italic%2C700%2C700italic|font_style:700%20bold%20regular%3A700%3Anormal&#8221;][\/vc_column][vc_column width=&#8221;2\/3&#8243;][vc_column_text]Com escrit\u00f3rios em Bras\u00edlia, S\u00e3o Paulo e representa\u00e7\u00f5es nos demais estados do Brasil, com parceiros em outros pa\u00edses da Am\u00e9rica Latina, a Sa\u00fade Import est\u00e1 pronta para ajud\u00e1-lo a atingir o mercado Brasileiro. Somos uma empresa que h\u00e1 mais de 10 anos oferece os melhores servi\u00e7os de consultoria e assessoria em importa\u00e7\u00e3o, distribui\u00e7\u00e3o, representa\u00e7\u00e3o como detentora de registros de produtos e qualifica\u00e7\u00e3o de distribuidores em todo o Brasil. Conhe\u00e7a abaixo algumas marcas que representamos.[\/vc_column_text][\/vc_column][\/vc_row][vc_row full_width=&#8221;stretch_row&#8221; css=&#8221;.vc_custom_1479918799568{padding-top: 80px !important;padding-bottom: 80px !important;background-color: #2b3130 !important;}&#8221;][vc_column width=&#8221;1\/2&#8243;][vc_wp_text]<a href=\"http:\/\/www.biosensors.com\/intl\/\"><img loading=\"lazy\" class=\"aligncenter wp-image-1492 size-full\" src=\"http:\/\/saudeimport.com.br\/wp-content\/uploads\/2016\/11\/biosensors_logo.png\" alt=\"biosensors_logo\" width=\"260\" height=\"87\" \/><\/a>[\/vc_wp_text][\/vc_column][vc_column width=&#8221;1\/2&#8243; css=&#8221;.vc_custom_1479919759937{padding-top: 0px !important;}&#8221;][vc_wp_text]<a href=\"http:\/\/www.ivascular.global\/\"><span style=\"color: #505050;\"><img loading=\"lazy\" class=\"alignnone size-full wp-image-1495 aligncenter\" src=\"http:\/\/saudeimport.com.br\/wp-content\/uploads\/2016\/11\/ivascular_logo.png\" alt=\"ivascular_logo\" width=\"260\" height=\"87\" \/><\/span><\/a>[\/vc_wp_text][\/vc_column][\/vc_row][vc_row css=&#8221;.vc_custom_1475631877746{margin-top: 80px !important;}&#8221;][vc_column width=&#8221;2\/3&#8243;][vc_custom_heading text=&#8221;Queremos saber mais sobre o seu projeto&#8221; font_container=&#8221;tag:div|font_size:30|text_align:left|color:%2333654a&#8221; google_fonts=&#8221;font_family:Cabin%3Aregular%2Citalic%2C500%2C500italic%2C600%2C600italic%2C700%2C700italic|font_style:400%20regular%3A400%3Anormal&#8221;][\/vc_column][vc_column width=&#8221;1\/3&#8243;][vc_btn title=&#8221;Fale Conosco&#8221; shape=&#8221;square&#8221; color=&#8221;warning&#8221; i_align=&#8221;right&#8221; i_icon_fontawesome=&#8221;fa fa-angle-right&#8221; add_icon=&#8221;true&#8221; link=&#8221;url:http%3A%2F%2Fsaudeimport.com.br%2Ffale-conosco%2F|||&#8221;][\/vc_column][\/vc_row]<\/p>\n","protected":false},"excerpt":{"rendered":"<p>[vc_row css=&#8221;.vc_custom_1475630896897{margin-bottom: 60px !important;}&#8221;][vc_column width=&#8221;1\/3&#8243;][vc_custom_heading text=&#8221;DISTRIBUI\u00c7\u00c3O DE PRODUTOS EM TODO O BRASIL&#8221; font_container=&#8221;tag:div|font_size:36|text_align:left|color:%2333654a&#8221; google_fonts=&#8221;font_family:Cabin%3Aregular%2Citalic%2C500%2C500italic%2C600%2C600italic%2C700%2C700italic|font_style:700%20bold%20regular%3A700%3Anormal&#8221;][\/vc_column][vc_column width=&#8221;2\/3&#8243;][vc_column_text]Com escrit\u00f3rios em Bras\u00edlia, S\u00e3o Paulo e representa\u00e7\u00f5es nos demais estados do Brasil, com parceiros em outros pa\u00edses da&#8230;<\/p>\n","protected":false},"author":1,"featured_media":0,"parent":0,"menu_order":0,"comment_status":"closed","ping_status":"closed","template":"","meta":[],"_links":{"self":[{"href":"https:\/\/saudeimport.com.br\/index.php?rest_route=\/wp\/v2\/pages\/1466"}],"collection":[{"href":"https:\/\/saudeimport.com.br\/index.php?rest_route=\/wp\/v2\/pages"}],"about":[{"href":"https:\/\/saudeimport.com.br\/index.php?rest_route=\/wp\/v2\/types\/page"}],"author":[{"embeddable":true,"href":"https:\/\/saudeimport.com.br\/index.php?rest_route=\/wp\/v2\/users\/1"}],"replies":[{"embeddable":true,"href":"https:\/\/saudeimport.com.br\/index.php?rest_route=%2Fwp%2Fv2%2Fcomments&post=1466"}],"version-history":[{"count":18,"href":"https:\/\/saudeimport.com.br\/index.php?rest_route=\/wp\/v2\/pages\/1466\/revisions"}],"predecessor-version":[{"id":1519,"href":"https:\/\/saudeimport.com.br\/index.php?rest_route=\/wp\/v2\/pages\/1466\/revisions\/1519"}],"wp:attachment":[{"href":"https:\/\/saudeimport.com.br\/index.php?rest_route=%2Fwp%2Fv2%2Fmedia&parent=1466"}],"curies":[{"name":"wp","href":"https:\/\/api.w.org\/{rel}","templated":true}]}}